{"id":9,"date":"2025-01-23T23:07:19","date_gmt":"2025-01-23T23:07:19","guid":{"rendered":"http:\/\/bjjquebec.com\/wordpress\/home\/"},"modified":"2026-03-13T18:29:57","modified_gmt":"2026-03-13T18:29:57","slug":"home","status":"publish","type":"page","link":"https:\/\/bjjquebec.com\/wordpress\/","title":{"rendered":"Home"},"content":{"rendered":"\n<div class=\"wp-block-group has-background has-global-padding is-layout-constrained wp-container-core-group-is-layout-22 wp-block-group-is-layout-constrained\" style=\"background-color:#da062b;margin-top:0;margin-bottom:0;padding-top:60px;padding-right:20px;padding-bottom:60px;padding-left:20px\">\n<div class=\"wp-block-group alignwide is-layout-flow wp-block-group-is-layout-flow\">\n<h3 class=\"wp-block-heading has-text-align-center has-white-color has-text-color has-link-color wp-elements-3c6ff7da3700f0b1cc98979e0664572d\" style=\"font-size:46px;line-height:1\">D\u00e9couvrez l&#8217;art du Jiu-Jitsu Br\u00e9silien<\/h3>\n\n\n\n<p class=\"has-text-align-center has-white-color has-text-color has-link-color wp-elements-ef11f59555487449ea0de39fab8fc13e\">Que vous soyez d\u00e9butant ou pratiquant avanc\u00e9, notre acad\u00e9mie offre des cours adapt\u00e9s \u00e0 tous les niveaux. Apprenez les techniques du Jiu-Jitsu Br\u00e9silien en Gi (kimono) et en No-Gi (sans kimono) dans un environnement accueillant et motivant.<\/p>\n\n\n\n<div style=\"height:17px\" aria-hidden=\"true\" class=\"wp-block-spacer\"><\/div>\n\n\n\n<div class=\"wp-block-columns is-layout-flex wp-container-core-columns-is-layout-1 wp-block-columns-is-layout-flex\">\n<div class=\"wp-block-column is-layout-flow wp-block-column-is-layout-flow\">\n<div class=\"wp-block-group has-global-padding is-layout-constrained wp-block-group-is-layout-constrained\">\n<div class=\"wp-block-group has-global-padding is-layout-constrained wp-block-group-is-layout-constrained\">\n<div class=\"wp-block-group is-content-justification-center is-nowrap is-layout-flex wp-container-core-group-is-layout-1 wp-block-group-is-layout-flex\">\n<figure class=\"wp-block-image size-full is-resized\"><img loading=\"lazy\" decoding=\"async\" width=\"1024\" height=\"1024\" src=\"https:\/\/bjjquebec.com\/wordpress\/wp-content\/uploads\/2025\/02\/gi-icon-v2.png\" alt=\"\" class=\"wp-image-99\" style=\"width:84px;height:auto\" srcset=\"https:\/\/bjjquebec.com\/wordpress\/wp-content\/uploads\/2025\/02\/gi-icon-v2.png 1024w, https:\/\/bjjquebec.com\/wordpress\/wp-content\/uploads\/2025\/02\/gi-icon-v2-300x300.png 300w, https:\/\/bjjquebec.com\/wordpress\/wp-content\/uploads\/2025\/02\/gi-icon-v2-150x150.png 150w, https:\/\/bjjquebec.com\/wordpress\/wp-content\/uploads\/2025\/02\/gi-icon-v2-768x768.png 768w\" sizes=\"auto, (max-width: 1024px) 100vw, 1024px\" \/><\/figure>\n<\/div>\n<\/div>\n\n\n\n<div class=\"wp-block-group has-background has-global-padding is-layout-constrained wp-container-core-group-is-layout-4 wp-block-group-is-layout-constrained\" style=\"border-radius:12px;background-color:#ea1137;padding-top:0;padding-right:0;padding-bottom:0;padding-left:0\">\n<div class=\"wp-block-group has-secondary-background-color has-background popmake-182 has-global-padding is-layout-constrained wp-block-group-is-layout-constrained\" style=\"border-radius:12px\">\n<h4 class=\"wp-block-heading has-text-align-center has-white-color has-text-color has-link-color has-body-text-font-size wp-elements-32f07391f72edb2b46383054aa81f3ba\" style=\"text-transform:uppercase\">Cours en<br><strong>Gi <\/strong><\/h4>\n<\/div>\n\n\n\n<p class=\"has-text-align-center has-white-color has-text-color has-link-color wp-elements-0fbc6f131b91b2089c6dee8ec9bda1ac\" style=\"margin-top:0;margin-bottom:0;padding-top:var(--wp--preset--spacing--50);padding-right:var(--wp--preset--spacing--30);padding-bottom:var(--wp--preset--spacing--50);padding-left:var(--wp--preset--spacing--30)\">Nos cours de BJJ pour adultes am\u00e9liorent technique, force, endurance et self-d\u00e9fense.<br><br><\/p>\n<\/div>\n<\/div>\n<\/div>\n\n\n\n<div class=\"wp-block-column is-layout-flow wp-block-column-is-layout-flow\">\n<div class=\"wp-block-group has-global-padding is-layout-constrained wp-block-group-is-layout-constrained\">\n<div class=\"wp-block-group has-global-padding is-layout-constrained wp-block-group-is-layout-constrained\">\n<div class=\"wp-block-group is-content-justification-center is-nowrap is-layout-flex wp-container-core-group-is-layout-6 wp-block-group-is-layout-flex\">\n<figure class=\"wp-block-image size-full is-resized\"><img loading=\"lazy\" decoding=\"async\" width=\"512\" height=\"512\" src=\"https:\/\/bjjquebec.com\/wordpress\/wp-content\/uploads\/2025\/02\/no-gi-icon-v3.png\" alt=\"\" class=\"wp-image-103\" style=\"width:85px;height:auto\" srcset=\"https:\/\/bjjquebec.com\/wordpress\/wp-content\/uploads\/2025\/02\/no-gi-icon-v3.png 512w, https:\/\/bjjquebec.com\/wordpress\/wp-content\/uploads\/2025\/02\/no-gi-icon-v3-300x300.png 300w, https:\/\/bjjquebec.com\/wordpress\/wp-content\/uploads\/2025\/02\/no-gi-icon-v3-150x150.png 150w\" sizes=\"auto, (max-width: 512px) 100vw, 512px\" \/><\/figure>\n<\/div>\n<\/div>\n\n\n\n<div class=\"wp-block-group has-background has-global-padding is-layout-constrained wp-container-core-group-is-layout-9 wp-block-group-is-layout-constrained\" style=\"border-radius:12px;background-color:#ea1137;padding-top:0;padding-right:0;padding-bottom:0;padding-left:0\">\n<div class=\"wp-block-group has-secondary-background-color has-background popmake-252 has-global-padding is-layout-constrained wp-block-group-is-layout-constrained\" style=\"border-radius:12px\">\n<h4 class=\"wp-block-heading has-text-align-center has-white-color has-text-color has-link-color has-body-text-font-size wp-elements-1b47b9ebc8998032fc3eff47df164fc0\" style=\"text-transform:uppercase\">Cours de <br><strong>No-Gi<\/strong><\/h4>\n<\/div>\n\n\n\n<p class=\"has-text-align-center has-white-color has-text-color has-link-color wp-elements-2672a4268017d8359d0f360f87f8305c\" style=\"margin-top:0;margin-bottom:0;padding-top:var(--wp--preset--spacing--50);padding-right:var(--wp--preset--spacing--30);padding-bottom:var(--wp--preset--spacing--50);padding-left:var(--wp--preset--spacing--30)\">Nos cours de No-Gi d\u00e9veloppent agilit\u00e9, rapidit\u00e9 et techniques de grappling sans kimono, id\u00e9als pour tous niveaux.<\/p>\n<\/div>\n<\/div>\n<\/div>\n\n\n\n<div class=\"wp-block-column is-layout-flow wp-block-column-is-layout-flow\">\n<div class=\"wp-block-group has-global-padding is-layout-constrained wp-block-group-is-layout-constrained\">\n<div class=\"wp-block-group has-global-padding is-layout-constrained wp-block-group-is-layout-constrained\">\n<div class=\"wp-block-group is-content-justification-center is-nowrap is-layout-flex wp-container-core-group-is-layout-11 wp-block-group-is-layout-flex\">\n<figure class=\"wp-block-image size-full is-resized\"><img loading=\"lazy\" decoding=\"async\" width=\"1000\" height=\"1000\" src=\"https:\/\/bjjquebec.com\/wordpress\/wp-content\/uploads\/2025\/02\/kids-icon-v4.png\" alt=\"\" class=\"wp-image-114\" style=\"width:87px;height:auto\" srcset=\"https:\/\/bjjquebec.com\/wordpress\/wp-content\/uploads\/2025\/02\/kids-icon-v4.png 1000w, https:\/\/bjjquebec.com\/wordpress\/wp-content\/uploads\/2025\/02\/kids-icon-v4-300x300.png 300w, https:\/\/bjjquebec.com\/wordpress\/wp-content\/uploads\/2025\/02\/kids-icon-v4-150x150.png 150w, https:\/\/bjjquebec.com\/wordpress\/wp-content\/uploads\/2025\/02\/kids-icon-v4-768x768.png 768w\" sizes=\"auto, (max-width: 1000px) 100vw, 1000px\" \/><\/figure>\n<\/div>\n<\/div>\n\n\n\n<div class=\"wp-block-group has-background has-global-padding is-layout-constrained wp-container-core-group-is-layout-14 wp-block-group-is-layout-constrained\" style=\"border-radius:12px;background-color:#ea1137;padding-top:0;padding-right:0;padding-bottom:0;padding-left:0\">\n<div class=\"wp-block-group has-secondary-background-color has-background popmake-254 has-global-padding is-layout-constrained wp-block-group-is-layout-constrained\" style=\"border-radius:12px\">\n<h4 class=\"wp-block-heading has-text-align-center has-white-color has-text-color has-link-color has-body-text-font-size wp-elements-3b497235b0204ccba4b96ff769ed3054\" style=\"text-transform:uppercase\"><strong>Cours pour<\/strong><br><strong>Enfant<\/strong><\/h4>\n<\/div>\n\n\n\n<p class=\"has-text-align-center has-white-color has-text-color has-link-color wp-elements-2751458d98476892096cbafefc4eee66\" style=\"margin-top:0;margin-bottom:0;padding-top:var(--wp--preset--spacing--50);padding-right:var(--wp--preset--spacing--30);padding-bottom:var(--wp--preset--spacing--50);padding-left:var(--wp--preset--spacing--30)\">Nos cours pour enfants de 4 ans et plus, initient au BJJ de fa\u00e7on ludique, renfor\u00e7ant confiance et discipline<\/p>\n<\/div>\n<\/div>\n<\/div>\n\n\n\n<div class=\"wp-block-column is-layout-flow wp-block-column-is-layout-flow\">\n<div class=\"wp-block-group has-global-padding is-layout-constrained wp-block-group-is-layout-constrained\">\n<div class=\"wp-block-group has-global-padding is-layout-constrained wp-block-group-is-layout-constrained\">\n<div class=\"wp-block-group is-content-justification-center is-nowrap is-layout-flex wp-container-core-group-is-layout-16 wp-block-group-is-layout-flex\">\n<figure class=\"wp-block-image size-full is-resized\"><img loading=\"lazy\" decoding=\"async\" width=\"315\" height=\"307\" src=\"http:\/\/bjjquebec.com\/wordpress\/wp-content\/uploads\/2025\/02\/BTT-Canada-transparent.png\" alt=\"\" class=\"wp-image-188\" style=\"width:91px;height:auto\" srcset=\"https:\/\/bjjquebec.com\/wordpress\/wp-content\/uploads\/2025\/02\/BTT-Canada-transparent.png 315w, https:\/\/bjjquebec.com\/wordpress\/wp-content\/uploads\/2025\/02\/BTT-Canada-transparent-300x292.png 300w\" sizes=\"auto, (max-width: 315px) 100vw, 315px\" \/><\/figure>\n<\/div>\n<\/div>\n\n\n\n<div class=\"wp-block-group has-background has-global-padding is-layout-constrained wp-container-core-group-is-layout-19 wp-block-group-is-layout-constrained\" style=\"border-radius:12px;background-color:#ea1137;padding-top:0;padding-right:0;padding-bottom:0;padding-left:0\">\n<div class=\"wp-block-group has-secondary-background-color has-background popmake-256 has-global-padding is-layout-constrained wp-block-group-is-layout-constrained\" style=\"border-radius:12px\">\n<h4 class=\"wp-block-heading has-text-align-center has-white-color has-text-color has-link-color has-body-text-font-size wp-elements-598263dd6f8238bd21af0dd3c1a1c4c1\" style=\"text-transform:uppercase\">Affili\u00e9 \u00e0<br>BTT Canada<\/h4>\n<\/div>\n\n\n\n<p class=\"has-text-align-center has-white-color has-text-color has-link-color wp-elements-9de71b44308e3d9225211a46a19a2029\" style=\"margin-top:0;margin-bottom:0;padding-top:var(--wp--preset--spacing--50);padding-right:var(--wp--preset--spacing--30);padding-bottom:var(--wp--preset--spacing--50);padding-left:var(--wp--preset--spacing--30)\">En partenariat avec BTT Canada, notre \u00e9cole offre une formation compl\u00e8te pour favoriser la croissance de nos membres.<\/p>\n<\/div>\n<\/div>\n<\/div>\n<\/div>\n<\/div>\n<\/div>\n\n\n\n<div class=\"wp-block-group has-base-background-color has-background is-layout-flow wp-block-group-is-layout-flow\">\n<div class=\"wp-block-group is-vertical is-content-justification-center is-layout-flex wp-container-core-group-is-layout-23 wp-block-group-is-layout-flex\">\n<h2 class=\"wp-block-heading has-text-align-center\">HORAIRE&nbsp;<\/h2>\n\n\n\n<figure class=\"wp-block-image size-full\"><img loading=\"lazy\" decoding=\"async\" width=\"1258\" height=\"493\" src=\"https:\/\/bjjquebec.com\/wordpress\/wp-content\/uploads\/2026\/03\/Screenshot-2026-03-13-2.29.18-PM.png\" alt=\"\" class=\"wp-image-325\" srcset=\"https:\/\/bjjquebec.com\/wordpress\/wp-content\/uploads\/2026\/03\/Screenshot-2026-03-13-2.29.18-PM.png 1258w, https:\/\/bjjquebec.com\/wordpress\/wp-content\/uploads\/2026\/03\/Screenshot-2026-03-13-2.29.18-PM-300x118.png 300w, https:\/\/bjjquebec.com\/wordpress\/wp-content\/uploads\/2026\/03\/Screenshot-2026-03-13-2.29.18-PM-1024x401.png 1024w, https:\/\/bjjquebec.com\/wordpress\/wp-content\/uploads\/2026\/03\/Screenshot-2026-03-13-2.29.18-PM-768x301.png 768w\" sizes=\"auto, (max-width: 1258px) 100vw, 1258px\" \/><\/figure>\n<\/div>\n<\/div>\n\n\n\n<div class=\"wp-block-group has-base-background-color has-background is-layout-flow wp-block-group-is-layout-flow\">\n<div class=\"wp-block-group is-vertical is-content-justification-center is-layout-flex wp-container-core-group-is-layout-25 wp-block-group-is-layout-flex\">\n<h2 class=\"wp-block-heading has-text-align-center\">Notre gym<\/h2>\n\n\n\n<div class=\"alignnormal\"><div id=\"metaslider-id-206\" style=\"max-width: 900px;\" class=\"ml-slider-3-107-0 metaslider metaslider-flex metaslider-206 ml-slider has-dots-nav ms-theme-bitono\" role=\"region\" aria-label=\"Photos\" data-height=\"600\" data-width=\"900\">\n    <div id=\"metaslider_container_206\">\n        <div id=\"metaslider_206\">\n            <ul class='slides'>\n                <li style=\"display: block; width: 100%;\" class=\"slide-215 ms-image \" aria-roledescription=\"slide\" data-date=\"2025-02-05 01:41:58\" data-filename=\"4e6d2490-b773-4fa8-a37d-118ba1ee755b-1-900x600.jpg\" data-slide-type=\"image\"><img loading=\"lazy\" decoding=\"async\" src=\"https:\/\/bjjquebec.com\/wordpress\/wp-content\/uploads\/2025\/02\/4e6d2490-b773-4fa8-a37d-118ba1ee755b-1-900x600.jpg\" height=\"600\" width=\"900\" alt=\"\" class=\"slider-206 slide-215 msDefaultImage\" title=\"4e6d2490-b773-4fa8-a37d-118ba1ee755b\" \/><\/li>\n                <li style=\"display: none; width: 100%;\" class=\"slide-216 ms-image \" aria-roledescription=\"slide\" data-date=\"2025-02-05 01:41:58\" data-filename=\"9fd78eeb-8a73-4daa-875c-bac5506e2de1-1-900x600.jpg\" data-slide-type=\"image\"><img loading=\"lazy\" decoding=\"async\" src=\"https:\/\/bjjquebec.com\/wordpress\/wp-content\/uploads\/2025\/02\/9fd78eeb-8a73-4daa-875c-bac5506e2de1-1-900x600.jpg\" height=\"600\" width=\"900\" alt=\"\" class=\"slider-206 slide-216 msDefaultImage\" title=\"9fd78eeb-8a73-4daa-875c-bac5506e2de1\" \/><\/li>\n                <li style=\"display: none; width: 100%;\" class=\"slide-217 ms-image \" aria-roledescription=\"slide\" data-date=\"2025-02-05 01:41:58\" data-filename=\"49d6b59e-fe2c-4391-a4ed-2d4d413a4161-1-900x600.jpg\" data-slide-type=\"image\"><img loading=\"lazy\" decoding=\"async\" src=\"https:\/\/bjjquebec.com\/wordpress\/wp-content\/uploads\/2025\/02\/49d6b59e-fe2c-4391-a4ed-2d4d413a4161-1-900x600.jpg\" height=\"600\" width=\"900\" alt=\"\" class=\"slider-206 slide-217 msDefaultImage\" title=\"49d6b59e-fe2c-4391-a4ed-2d4d413a4161\" \/><\/li>\n                <li style=\"display: none; width: 100%;\" class=\"slide-218 ms-image \" aria-roledescription=\"slide\" data-date=\"2025-02-05 01:41:58\" data-filename=\"180d234a-8b74-4c76-a04f-09c62cc63a35-1-900x600.jpg\" data-slide-type=\"image\"><img loading=\"lazy\" decoding=\"async\" src=\"https:\/\/bjjquebec.com\/wordpress\/wp-content\/uploads\/2025\/02\/180d234a-8b74-4c76-a04f-09c62cc63a35-1-900x600.jpg\" height=\"600\" width=\"900\" alt=\"\" class=\"slider-206 slide-218 msDefaultImage\" title=\"180d234a-8b74-4c76-a04f-09c62cc63a35\" \/><\/li>\n                <li style=\"display: none; width: 100%;\" class=\"slide-219 ms-image \" aria-roledescription=\"slide\" data-date=\"2025-02-05 01:41:58\" data-filename=\"7416a59d-41cc-4dfa-98f8-cb3c3b1d4a80-1-900x600.jpg\" data-slide-type=\"image\"><img loading=\"lazy\" decoding=\"async\" src=\"https:\/\/bjjquebec.com\/wordpress\/wp-content\/uploads\/2025\/02\/7416a59d-41cc-4dfa-98f8-cb3c3b1d4a80-1-900x600.jpg\" height=\"600\" width=\"900\" alt=\"\" class=\"slider-206 slide-219 msDefaultImage\" title=\"7416a59d-41cc-4dfa-98f8-cb3c3b1d4a80\" \/><\/li>\n                <li style=\"display: none; width: 100%;\" class=\"slide-220 ms-image \" aria-roledescription=\"slide\" data-date=\"2025-02-05 01:41:58\" data-filename=\"a8853103-d53c-4562-9ad4-e8fb9b56d6c1-1-900x600.jpg\" data-slide-type=\"image\"><img loading=\"lazy\" decoding=\"async\" src=\"https:\/\/bjjquebec.com\/wordpress\/wp-content\/uploads\/2025\/02\/a8853103-d53c-4562-9ad4-e8fb9b56d6c1-1-900x600.jpg\" height=\"600\" width=\"900\" alt=\"\" class=\"slider-206 slide-220 msDefaultImage\" title=\"a8853103-d53c-4562-9ad4-e8fb9b56d6c1\" \/><\/li>\n                <li style=\"display: none; width: 100%;\" class=\"slide-221 ms-image \" aria-roledescription=\"slide\" data-date=\"2025-02-05 01:41:59\" data-filename=\"b8db0385-7a82-4a62-b068-8d2acab6bc1b-1-900x600.jpg\" data-slide-type=\"image\"><img loading=\"lazy\" decoding=\"async\" src=\"https:\/\/bjjquebec.com\/wordpress\/wp-content\/uploads\/2025\/02\/b8db0385-7a82-4a62-b068-8d2acab6bc1b-1-900x600.jpg\" height=\"600\" width=\"900\" alt=\"\" class=\"slider-206 slide-221 msDefaultImage\" title=\"b8db0385-7a82-4a62-b068-8d2acab6bc1b\" \/><\/li>\n            <\/ul>\n        <\/div>\n        \n    <\/div>\n<\/div><\/div>\n<\/div>\n<\/div>\n","protected":false},"excerpt":{"rendered":"<p>D\u00e9couvrez l&#8217;art du Jiu-Jitsu Br\u00e9silien Que vous soyez d\u00e9butant ou pratiquant avanc\u00e9, notre acad\u00e9mie offre des cours adapt\u00e9s \u00e0 tous les niveaux. Apprenez les techniques du Jiu-Jitsu Br\u00e9silien en Gi (kimono) et en No-Gi (sans kimono) dans un environnement accueillant et motivant. Cours enGi Nos cours de BJJ pour adultes am\u00e9liorent technique, force, endurance et [&hellip;]<\/p>\n","protected":false},"author":1,"featured_media":224,"parent":0,"menu_order":0,"comment_status":"closed","ping_status":"closed","template":"page-template\/custom-home-page.php","meta":{"footnotes":""},"class_list":["post-9","page","type-page","status-publish","has-post-thumbnail","hentry"],"_links":{"self":[{"href":"https:\/\/bjjquebec.com\/wordpress\/wp-json\/wp\/v2\/pages\/9","targetHints":{"allow":["GET"]}}],"collection":[{"href":"https:\/\/bjjquebec.com\/wordpress\/wp-json\/wp\/v2\/pages"}],"about":[{"href":"https:\/\/bjjquebec.com\/wordpress\/wp-json\/wp\/v2\/types\/page"}],"author":[{"embeddable":true,"href":"https:\/\/bjjquebec.com\/wordpress\/wp-json\/wp\/v2\/users\/1"}],"replies":[{"embeddable":true,"href":"https:\/\/bjjquebec.com\/wordpress\/wp-json\/wp\/v2\/comments?post=9"}],"version-history":[{"count":40,"href":"https:\/\/bjjquebec.com\/wordpress\/wp-json\/wp\/v2\/pages\/9\/revisions"}],"predecessor-version":[{"id":326,"href":"https:\/\/bjjquebec.com\/wordpress\/wp-json\/wp\/v2\/pages\/9\/revisions\/326"}],"wp:featuredmedia":[{"embeddable":true,"href":"https:\/\/bjjquebec.com\/wordpress\/wp-json\/wp\/v2\/media\/224"}],"wp:attachment":[{"href":"https:\/\/bjjquebec.com\/wordpress\/wp-json\/wp\/v2\/media?parent=9"}],"curies":[{"name":"wp","href":"https:\/\/api.w.org\/{rel}","templated":true}]}}